(k) = k**2 + 14*k + 8. Give x(-12).
-16
Let i(o) = -7*o**3 + 5*o**2 - 3*o - 1. Give i(1).
-6
Let r(f) = f**2 + 8*f + 5. Give r(-9).
14
Let r(x) = 2*x**3 + 4*x**2 + 3*x - 1. What is r(-3)?
-28
Let s(o) = o**2 + 8*o - 12. Determine s(2).
8
Let d(k) = k**3 - 3*k**2 - 13*k - 8. Give d(-2).
-2
Let m(i) = -i**2 + 15*i + 41. Determine m(17).
7
Let r(m) = 6*m - 10. Calculate r(-8).
-58
Let i(g) = -4*g**2 + 41*g + 1. What is i(12)?
-83
Let g(r) = 3*r + 1. Give g(10).
31
Let v(o) = 2*o + 2. Calculate v(-2).
-2
Let r(a) = -6*a**2 - 2*a + 2. Give r(-3).
-46
Let z(s) = -5*s - 1. Determine z(4).
-21
Let o(r) = -r**3 + 4*r**2 + 12*r - 6. Determine o(6).
-6
Let c(g) = -3*g - 3. Calculate c(-9).
24
Let p(t) = t**2 + 18*t + 79. Give p(-15).
34
Let o(w) = -3*w - 6. Give o(5).
-21
Let l(m) = m**2 - 2*m + 7. Determine l(8).
55
Let s(p) = p**3 - 12*p**2 + 13*p - 10. Calculate s(11).
12
Let s(x) = x + 30. What is s(0)?
30
Let h(z) = z**3 + 4*z**2 - 2*z + 20. What is h(-6)?
-40
Let n(d) = d**3 + 24*d**2 + 45*d + 42. What is n(-22)?
20
Let a(i) = i**3 - 15*i**2 + 13*i - 15. Give a(14).
-29
Let v(m) = 23*m - 2. Give v(4).
90
Let g(v) = 2*v + 15. Determine g(0).
15
Let w(n) = -n**3 - 3*n**2 + 5*n + 14. What is w(-4)?
10
Let i(t) = -13*t**2 + 62*t + 12. What is i(5)?
-3
Let a(h) = 2*h**2 - 8*h + 7. Give a(3).
1
Let l(v) = -21*v + 40. Give l(-3).
103
Let t(i) = i**3 - 5*i**2 - 14*i - 3. Give t(6).
-51
Let u(c) = -2*c + 22. Determine u(13).
-4
Let d(p) = -5*p - 15. Determine d(-4).
5
Let c(x) = -x**2 + 12*x - 13. What is c(7)?
22
Let r(u) = -u**3 + 2*u**2 + 7*u - 8. Determine r(4).
-12
Let o(a) = a**3 + 4*a**2 - 3*a + 12. Determine o(-5).
2
Let a(t) = t**3 + 10*t**2 - 3*t + 7. Calculate a(-10).
37
Let b(o) = o**2 - 7*o + 10. Give b(2).
0
Let l(t) = -2*t - 4. What is l(5)?
-14
Let b(a) = -a**2 + 11*a - 12. What is b(10)?
-2
Let z(a) = a**3 - 9*a**2 - 10*a - 7. What is z(10)?
-7
Let n(b) = -2*b**2 - 40*b - 87. Calculate n(-17).
15
Let s(x) = x + 48. Calculate s(0).
48
Let k(q) = 2*q**2 + 64*q - 72. Calculate k(-33).
-6
Let o(i) = -10*i**2 + i - 2. Give o(3).
-89
Let k(y) = 2*y**2 + 2*y - 16. What is k(-4)?
8
Let v(c) = 10*c - 21. What is v(2)?
-1
Let z(x) = x**3 + 13*x**2 - 12*x + 29. Calculate z(-14).
1
Let x(k) = 3*k + 7. What is x(-6)?
-11
Let h(g) = g**2 + 4*g - 1. Give h(-6).
11
Let h(k) = -104*k**3 + 2*k**2 - k. What is h(-1)?
107
Let p(z) = z**2 - 9*z + 5. Calculate p(7).
-9
Let x(o) = o**2 + o + 17. Calculate x(0).
17
Let y(g) = 17*g**2 - g. Calculate y(1).
16
Let c(j) = 11*j - 11. Calculate c(5).
44
Let h(d) = -d**2 - 3*d - 4. Calculate h(-7).
-32
Let s(o) = o**2 - 5*o - 1. What is s(5)?
-1
Let l(j) = -3*j - 1. Calculate l(-9).
26
Let u(j) = j**3 - 8*j**2 + 5*j. Determine u(7).
-14
Let b(n) = -n**2 + 15*n + 121. Give b(-6).
-5
Let j(t) = -30*t - 90. Calculate j(-4).
30
Let y(n) = -n**3 - 9*n**2 - 7*n + 9. Determine y(-8).
1
Let y(m) = -m**2 - 3*m + 6. Give y(-8).
-34
Let y(z) = -4*z + 25. Give y(10).
-15
Let c(r) = 5*r**2 + 4*r + 4. Determine c(-2).
16
Let v(b) = -3*b**2 + 6*b - 3. What is v(3)?
-12
Let z(j) = 12*j + 5. What is z(-3)?
-31
Let k(n) = 2*n - 6. Calculate k(11).
16
Let r(p) = -p**3 + 10*p**2 - 9*p + 22. Give r(9).
22
Let b(n) = n**2 + 38*n + 118. Give b(-35).
13
Let f(l) = l**2 + 12*l + 15. Give f(0).
15
Let c(p) = -p**3 - 12*p**2 - 3*p + 41. Calculate c(-12).
77
Let t(m) = m**2 + 7*m - 17. What is t(-10)?
13
Let l(u) = -13*u**3 - 4*u**2 + 7*u - 2. What is l(1)?
-12
Let n(v) = v**3 + 5*v**2 + v - 2. Give n(-2).
8
Let j(m) = 12*m + 2. Calculate j(-2).
-22
Let u(a) = a**3 - 6*a**2 + 3*a + 1. Determine u(4).
-19
Let d(c) = -2*c**3 - 26*c**2 - c - 21. What is d(-13)?
-8
Let h(s) = -97*s - 99. Determine h(-1).
-2
Let w(f) = 11*f - 10. What is w(0)?
-10
Let r(c) = c**3 - 6*c**2 - 2*c + 11. Give r(6).
-1
Let h(l) = 6*l + 100. What is h(-15)?
10
Let m(i) = i**3 + 5*i**2 + 5*i + 4. Calculate m(-2).
6
Let b(h) = -23*h**2 + 11*h - 11. Calculate b(1).
-23
Let t(c) = 2*c**2 - 8*c + 3. What is t(4)?
3
Let f(i) = i**3 + 2*i**2 + 2*i + 3. What is f(-3)?
-12
Let b(c) = -c**3 - c + 2. What is b(0)?
2
Let j(s) = s**3 + 4*s**2 - 24*s - 18. Give j(-7).
3
Let p(q) = 27*q - 129. Give p(6).
33
Let m(u) = -u**3 + 10*u**2 + 13*u - 26. Give m(11).
-4
Let v(i) = -2*i + 22. Calculate v(13).
-4
Let a(q) = q**3 + 10*q**2 + 14*q + 5. What is a(-9)?
-40
Let o(m) = -2*m**2 - 36*m + 1. What is o(-18)?
1
Let x(g) = 15*g**2 - 3*g + 10. What is x(2)?
64
Let p(m) = 27*m**2 - m + 1. Calculate p(1).
27
Let t(p) = 2*p**2 + 11*p + 10. Give t(-7).
31
Let m(n) = 2*n + 3. Give m(10).
23
Let b(v) = -2*v**2 - 12*v + 11. Determine b(-6).
11
Let f(u) = 147*u**3 + 2*u**2. Calculate f(-1).
-145
Let u(k) = -k**3 + 22*k**2 + 2*k - 45. Give u(22).
-1
Let h(l) = l**3 + 4*l**2 + 8*l + 16. What is h(-4)?
-16
Let j(n) = n**3 - 15*n**2 - 16*n + 237. Determine j(15).
-3
Let d(h) = -4*h + 3. Give d(3).
-9
Let k(s) = s**3 + 2*s**2 - 8*s - 6. Give k(3).
15
Let q(k) = -k**3 + 11*k**2 + k - 17. What is q(11)?
-6
Let n(k) = -k**3 + 2*k**2 + 9*k - 4. Calculate n(4).
0
Let h(n) = -n**3 - 3*n**2 + 5*n + 5. Give h(-4).
1
Let p(j) = 3*j**2 - 62*j + 41. Determine p(20).
1
Let g(b) = b**3 - 9*b**2 + 10*b - 2. Determine g(8).
14
Let x(l) = -9*l - 15. Determine x(-2).
3
Let p(k) = 3*k**2 + 3*k + 16. What is p(-3)?
34
Let d(w) = w**3 + 7*w**2 - 18*w + 1. Give d(-9).
1
Let z(c) = c**3 + 15*c**2 + 27*c + 1. Give z(-13).
-12
Let c(j) = -12*j**2 + 40*j - 5. Give c(3).
7
Let n(d) = d**3 + 9*d**2 - 2*d - 21. Give n(-9).
-3
Let y(f) = -f**3 + 8*f**2 - 10*f + 17. Give y(7).
-4
Let t(j) = -72*j - 1721. Give t(-24).
7
Let n(l) = -4*l - 12. Determine n(8).
-44
Let h(c) = -4*c - 7. Calculate h(-6).
17
Let x(k) = k**3 + 17*k**2 + 17*k + 9. Calculate x(-16).
-7
Let x(h) = -h**2 - 31*h - 65. Determine x(-2).
-7
Let y(t) = t**2 - 14*t - 8. Calculate y(11).
-41
Let p(w) = 180*w + 535. Calculate p(-3).
-5
Let b(z) = 6*z**2 - 3*z + 1. Give b(1).
4
Let v(c) = -c**2 - 14*c - 15. Determine v(-12).
9
Let t(b) = -b**2 + 13*b + 8. Give t(19).
-106
Let t(b) = -b**3 + 11*b**2 - 11*b + 8. What is t(10)?
-2
Let c(v) = -v - 16. Determine c(-12).
-4
Let r(y) = y**3 - 8*y**2 + 6*y - 13. Give r(8).
35
Let j(a) = -5*a + 16. Give j(-12).
76
Let v(k) = 2*k**3 - 12*k**2 - 5*k + 21. Give v(6).
-9
Let w(f) = -27*f - 22. Determine w(-1).
5
Let z(u) = 12*u + 136. What is z(-11)?
4
Let w(p) = -p**2 - 10*p - 19. Determine w(-8).
-3
Let i(a) = 58*a + 2. Determine i(1).
60
Let q(v) = -3*v**2 - 13*v - 5. What is q(-5)?
-15
Let x(o) = 3*o**2 + 36*o + 6. Determine x(-8).
-90
Let y(h) = h**3 + 4*h**2 - 18*h - 52. What is y(-4)?
20
Let c(x) = -x**3 + 5*x**2 + x - 2. Determine c(5).
3
Let x(m) = -m**2 - 9*m - 12. Give x(-6).
6
Let f(u) = -u**3 - 24*u**2 + 7*u - 21. Calculate f(-24).
-189
Let r(w) = 3*w**2 + w - 8. Calculate r(-4).
36
Let u(j) = -j + 22. Calculate u(24).
-2
Let p(y) = y**2 - 9*y - 57. Determine p(-4).
-5
Let c(g) = -g**2 - 13*g - 35. Calculate c(-5).
5
Let n(p) = -p**3 - 10*p**2 - p - 4. Determine n(-10).
6
Let f(c) = -6*c + 4. Calculate f(1).
-2
Let h(a) = a**3 - 2*a**2 - 3*a + 4. Give h(3).
4
Let m(k) = -k**2 + 24*k + 94. Give m(27).
13
Let w(c) = 25*c - 94. What is w(4)?
6
Let k(r) = 23*r - 137. Determine k(7).
24
Let c(k) = 6*k + 200. Give c(-36).
-16
Let a(x) = -x**3 - 22*x**2 + 25*x + 49. Determine a(-23).
3
Let n(g) = -5*g - 69. Give n(-14).
1
Let o(c) = -c**3 + 3*c**2 + 6*c - 14. Determine o(3).
4
Let h(w) = 6*w**2 - w. Give h(-3).
57
Let k(s) = 2*s**3 - 20*s**2 - 22*s + 1. Calculate k(11).
1
Let w(r) = r**3 + 4*r**2 + 2. Determine w(-4).
2
Let v(f) = -f**2 - 19*f - 36. What is v(-13)?
42
Let q(t) = -t**3 + 7*t**2 - 9*t - 4. Determine q(4).
8
Let a(b) = -4*b + 4. Calculate a(-4).
20
Let o(f) = 7*f**3 - f - 1. What is o(2)?
53
Let t(j) = j - 3. Calculate t(-3).
-6
Let y(d) = -4*d - 8. Give y(7).
-36
Let d(y) = y**2 - 39*y - 327. Determine d(-7).
-5
Let k(l) = l**3 + 11*l**2 - 4*l - 69. Determine k(-11).
-25
Let u(d) = -17*d + 6. Determine u(-5).
91
Let k(v) = 4*v + 5. What is k(-7)?
-23
Let d(s) = -7*s - 29. Determine d(-4).
-1
Let h(n) = -n**3 + 2*n**2 + 5*n - 5. What is h(3)?
1
Let l(f) = -f**3 - 8*f**2 - 5*f - 9. What is l(-7)?
-23
Let u(r) = 5*r + 2. Determine u(3).
17
Let o(p) = -p**3 - 11*p**2 - 9*p - 1. Determine o(-10).
-11
Let i(v) = -v**3 + 